{"id":1092,"date":"2023-09-14T11:54:05","date_gmt":"2023-09-14T11:54:05","guid":{"rendered":"https:\/\/www.studiomuste.fi\/?page_id=1092"},"modified":"2023-09-14T11:54:05","modified_gmt":"2023-09-14T11:54:05","slug":"tulevat-kirjoittamisen-retriitit","status":"publish","type":"page","link":"https:\/\/www.studiomuste.fi\/?page_id=1092","title":{"rendered":"Tulevat kirjoittamisen retriitit:"},"content":{"rendered":"\n<div class=\"wp-block-columns is-layout-flex wp-container-6\">\n<div class=\"wp-block-column is-layout-flow\">\n<p><\/p>\n\n\n\n<div class=\"wp-block-columns is-layout-flex wp-container-4\">\n<div class=\"wp-block-column is-layout-flow\">\n<h2 class=\"wp-block-heading\">Retriitti Ylitornion Karemajoilla 6.10.-8.10.2023<\/h2>\n\n\n\n<p>M\u00f6kkiy\u00f6pyminen:<br>2 hengen m\u00f6kki 330 \u20ac\/hl\u00f6<br>3 hengen m\u00f6kki 310 \u20ac\/hl\u00f6<br>4 hengen m\u00f6kki 300 \u20ac\/hl\u00f6<\/p>\n\n\n\n<p>Hotelliy\u00f6pyminen:<br>1 hengen huone 380 \u20ac\/hl\u00f6<br>2 hengen huone 330 \u20ac\/hl\u00f6<br>3 hengen huone 310 \u20ac\/hl\u00f6<\/p>\n\n\n\n<p>Hinta sis\u00e4lt\u00e4\u00e4 majoituksen, ruoat ja opetuksen.<br>Varausmaksu 100 \u20ac, jota ei palauta ellei retriitti peruunnu.<br>Loppusumma maksetaan syyskuun viimeinen p\u00e4iv\u00e4.<\/p>\n<\/div>\n\n\n\n<div class=\"wp-block-column is-layout-flow\">\n<div class=\"wp-block-group is-vertical is-layout-flex wp-container-2\">\n<figure class=\"wp-block-image size-full\"><a href=\"https:\/\/www.studiomuste.fi\/?page_id=488\"><img decoding=\"async\" loading=\"lazy\" width=\"940\" height=\"320\" src=\"http:\/\/www.studiomuste.fi\/wp-content\/uploads\/2023\/09\/10.png\" alt=\"\" class=\"wp-image-1038\" srcset=\"https:\/\/www.studiomuste.fi\/wp-content\/uploads\/2023\/09\/10.png 940w, https:\/\/www.studiomuste.fi\/wp-content\/uploads\/2023\/09\/10-300x102.png 300w, https:\/\/www.studiomuste.fi\/wp-content\/uploads\/2023\/09\/10-768x261.png 768w\" sizes=\"(max-width: 940px) 100vw, 940px\" \/><\/a><\/figure>\n<\/div>\n\n\n\n<figure class=\"wp-block-image size-full\"><a href=\"https:\/\/www.studiomuste.fi\/?page_id=370\"><img decoding=\"async\" loading=\"lazy\" width=\"940\" height=\"360\" src=\"https:\/\/www.studiomuste.fi\/wp-content\/uploads\/2023\/09\/Tapahtumapainikkeet-14.png\" alt=\"\" class=\"wp-image-1093\" srcset=\"https:\/\/www.studiomuste.fi\/wp-content\/uploads\/2023\/09\/Tapahtumapainikkeet-14.png 940w, https:\/\/www.studiomuste.fi\/wp-content\/uploads\/2023\/09\/Tapahtumapainikkeet-14-300x115.png 300w, https:\/\/www.studiomuste.fi\/wp-content\/uploads\/2023\/09\/Tapahtumapainikkeet-14-768x294.png 768w\" sizes=\"(max-width: 940px) 100vw, 940px\" \/><\/a><\/figure>\n<\/div>\n<\/div>\n<\/div>\n<\/div>\n","protected":false},"excerpt":{"rendered":"<p>Retriitti Ylitornion Karemajoilla 6.10.-8.10.2023 M\u00f6kkiy\u00f6pyminen:2 hengen m\u00f6kki 330 \u20ac\/hl\u00f63 hengen m\u00f6kki 310 \u20ac\/hl\u00f64 hengen m\u00f6kki 300 \u20ac\/hl\u00f6 Hotelliy\u00f6pyminen:1 hengen huone 380 \u20ac\/hl\u00f62 hengen huone 330 \u20ac\/hl\u00f63 hengen huone 310 \u20ac\/hl\u00f6 Hinta sis\u00e4lt\u00e4\u00e4 majoituksen, ruoat ja opetuksen.Varausmaksu 100 \u20ac, jota ei palauta ellei retriitti peruunnu.Loppusumma maksetaan syyskuun viimeinen p\u00e4iv\u00e4.<\/p>\n","protected":false},"author":1,"featured_media":0,"parent":0,"menu_order":0,"comment_status":"closed","ping_status":"closed","template":"","meta":{"neve_meta_sidebar":"","neve_meta_container":"","neve_meta_enable_content_width":"","neve_meta_content_width":0,"neve_meta_title_alignment":"","neve_meta_author_avatar":"","neve_post_elements_order":"","neve_meta_disable_header":"","neve_meta_disable_footer":"","neve_meta_disable_title":""},"_links":{"self":[{"href":"https:\/\/www.studiomuste.fi\/index.php?rest_route=\/wp\/v2\/pages\/1092"}],"collection":[{"href":"https:\/\/www.studiomuste.fi\/index.php?rest_route=\/wp\/v2\/pages"}],"about":[{"href":"https:\/\/www.studiomuste.fi\/index.php?rest_route=\/wp\/v2\/types\/page"}],"author":[{"embeddable":true,"href":"https:\/\/www.studiomuste.fi\/index.php?rest_route=\/wp\/v2\/users\/1"}],"replies":[{"embeddable":true,"href":"https:\/\/www.studiomuste.fi\/index.php?rest_route=%2Fwp%2Fv2%2Fcomments&post=1092"}],"version-history":[{"count":2,"href":"https:\/\/www.studiomuste.fi\/index.php?rest_route=\/wp\/v2\/pages\/1092\/revisions"}],"predecessor-version":[{"id":1096,"href":"https:\/\/www.studiomuste.fi\/index.php?rest_route=\/wp\/v2\/pages\/1092\/revisions\/1096"}],"wp:attachment":[{"href":"https:\/\/www.studiomuste.fi\/index.php?rest_route=%2Fwp%2Fv2%2Fmedia&parent=1092"}],"curies":[{"name":"wp","href":"https:\/\/api.w.org\/{rel}","templated":true}]}}