{"id":370,"date":"2023-06-18T14:51:43","date_gmt":"2023-06-18T14:51:43","guid":{"rendered":"https:\/\/www.studiomuste.fi\/?page_id=370"},"modified":"2023-06-27T11:22:36","modified_gmt":"2023-06-27T11:22:36","slug":"kirjoittamisen-retriitit","status":"publish","type":"page","link":"https:\/\/www.studiomuste.fi\/?page_id=370","title":{"rendered":"Kirjoittamisen retriitit"},"content":{"rendered":"\n<div class=\"wp-block-columns is-layout-flex wp-container-3\">\n<div class=\"wp-block-column is-layout-flow\">\n<p><\/p>\n\n\n\n<p>Kirjoittamisen retriitill\u00e4 p\u00e4\u00e4set pienelle pakomatkalle arjestasi ja voit keskitty\u00e4 kirjoittamiseen inspiroivassa ymp\u00e4rist\u00f6ss\u00e4. Retriitill\u00e4 saat asiantuntevaa ohjausta, jonka avulla voit kehitt\u00e4\u00e4 omia kirjoitustaitojasi. Bonuksena tutustut uusiin ihmisiin, jotka jakavat saman palon kirjoittamiseen.<\/p>\n\n\n\n<p>Retriitill\u00e4 p\u00e4\u00e4set virkist\u00e4m\u00e4\u00e4n kaikkia aistejasi! Pid\u00e4mme retriitit ymp\u00e4rist\u00f6ss\u00e4, jossa voit keskitty\u00e4 my\u00f6s lepoon ja rauhaan, tutkiskella sis\u00e4ist\u00e4 kirjoittajaasi ja etsi\u00e4 inspiraatiota. Luonnossa liikkuminen on t\u00e4rke\u00e4 osaa retriittej\u00e4.<\/p>\n\n\n\n<p>Kirjoitusretriitille osallistuminen ei vaadi mit\u00e4\u00e4n ennakkotaitoja. Voit osallistua, vaikka et olisi koskaan kirjoittanut mit\u00e4\u00e4n. Erilaisten harjoitusten ja keskustelun kautta jokainen p\u00e4\u00e4see vauhtiin. Retriitille ovat tervetulleita my\u00f6s pitk\u00e4\u00e4n kirjoittamista harrastaneet, jotka haluavat toteuttaa itse\u00e4\u00e4n luovassa ja sosiaalisessa ymp\u00e4rist\u00f6ss\u00e4 ammattilaisten ohjauksessa. Jokainen retriitti on erilainen ja muokkautuu osallistujien mieltymysten mukaan. Joskus voimme lukea tekstej\u00e4mme, vaihtaa niit\u00e4 ja leikki\u00e4 lukupiiri\u00e4. Toisinaan joku syventyy vain omaan kirjoitusty\u00f6h\u00f6ns\u00e4, eik\u00e4 halua osallistua yhteisiin harjoituksiin. Se h\u00e4nelle suotakoon.<\/p>\n\n\n\n<p>Retriitti on aina arvokas hetki omille ajatuksillesi ja niiden tuottamiseen kirjallisesti.<\/p>\n<\/div>\n\n\n\n<div class=\"wp-block-column is-layout-flow\">\n<figure class=\"wp-block-image size-large\"><img decoding=\"async\" loading=\"lazy\" width=\"1024\" height=\"819\" src=\"https:\/\/www.studiomuste.fi\/wp-content\/uploads\/2023\/06\/8-1024x819.png\" alt=\"\" class=\"wp-image-523\" srcset=\"https:\/\/www.studiomuste.fi\/wp-content\/uploads\/2023\/06\/8-1024x819.png 1024w, https:\/\/www.studiomuste.fi\/wp-content\/uploads\/2023\/06\/8-300x240.png 300w, https:\/\/www.studiomuste.fi\/wp-content\/uploads\/2023\/06\/8-768x614.png 768w, https:\/\/www.studiomuste.fi\/wp-content\/uploads\/2023\/06\/8-1536x1229.png 1536w, https:\/\/www.studiomuste.fi\/wp-content\/uploads\/2023\/06\/8-2048x1638.png 2048w\" sizes=\"(max-width: 1024px) 100vw, 1024px\" \/><\/figure>\n<\/div>\n<\/div>\n","protected":false},"excerpt":{"rendered":"<p>Kirjoittamisen retriitill\u00e4 p\u00e4\u00e4set pienelle pakomatkalle arjestasi ja voit keskitty\u00e4 kirjoittamiseen inspiroivassa ymp\u00e4rist\u00f6ss\u00e4. Retriitill\u00e4 saat asiantuntevaa ohjausta, jonka avulla voit kehitt\u00e4\u00e4 omia kirjoitustaitojasi. Bonuksena tutustut uusiin ihmisiin, jotka jakavat saman palon kirjoittamiseen. Retriitill\u00e4 p\u00e4\u00e4set virkist\u00e4m\u00e4\u00e4n kaikkia aistejasi! Pid\u00e4mme retriitit ymp\u00e4rist\u00f6ss\u00e4, jossa voit keskitty\u00e4 my\u00f6s lepoon ja rauhaan, tutkiskella sis\u00e4ist\u00e4 kirjoittajaasi ja etsi\u00e4 inspiraatiota. Luonnossa liikkuminen on&hellip;&nbsp;<a href=\"https:\/\/www.studiomuste.fi\/?page_id=370\" class=\"\" rel=\"bookmark\">Lue lis\u00e4\u00e4 &raquo;<span class=\"screen-reader-text\">Kirjoittamisen retriitit<\/span><\/a><\/p>\n","protected":false},"author":1,"featured_media":0,"parent":0,"menu_order":0,"comment_status":"closed","ping_status":"closed","template":"","meta":{"neve_meta_sidebar":"","neve_meta_container":"","neve_meta_enable_content_width":"","neve_meta_content_width":0,"neve_meta_title_alignment":"","neve_meta_author_avatar":"","neve_post_elements_order":"","neve_meta_disable_header":"","neve_meta_disable_footer":"","neve_meta_disable_title":""},"_links":{"self":[{"href":"https:\/\/www.studiomuste.fi\/index.php?rest_route=\/wp\/v2\/pages\/370"}],"collection":[{"href":"https:\/\/www.studiomuste.fi\/index.php?rest_route=\/wp\/v2\/pages"}],"about":[{"href":"https:\/\/www.studiomuste.fi\/index.php?rest_route=\/wp\/v2\/types\/page"}],"author":[{"embeddable":true,"href":"https:\/\/www.studiomuste.fi\/index.php?rest_route=\/wp\/v2\/users\/1"}],"replies":[{"embeddable":true,"href":"https:\/\/www.studiomuste.fi\/index.php?rest_route=%2Fwp%2Fv2%2Fcomments&post=370"}],"version-history":[{"count":4,"href":"https:\/\/www.studiomuste.fi\/index.php?rest_route=\/wp\/v2\/pages\/370\/revisions"}],"predecessor-version":[{"id":594,"href":"https:\/\/www.studiomuste.fi\/index.php?rest_route=\/wp\/v2\/pages\/370\/revisions\/594"}],"wp:attachment":[{"href":"https:\/\/www.studiomuste.fi\/index.php?rest_route=%2Fwp%2Fv2%2Fmedia&parent=370"}],"curies":[{"name":"wp","href":"https:\/\/api.w.org\/{rel}","templated":true}]}}