{"id":845,"date":"2023-07-23T09:27:53","date_gmt":"2023-07-23T09:27:53","guid":{"rendered":"https:\/\/www.studiomuste.fi\/?page_id=845"},"modified":"2023-07-23T09:35:40","modified_gmt":"2023-07-23T09:35:40","slug":"kirjoittamisen-kurssit","status":"publish","type":"page","link":"https:\/\/www.studiomuste.fi\/?page_id=845","title":{"rendered":"Kirjoittamisen kurssit"},"content":{"rendered":"\n<div class=\"wp-block-columns is-layout-flex wp-container-3\">\n<div class=\"wp-block-column is-layout-flow\">\n<p><\/p>\n\n\n\n<p>Kirjoittamisen kurssit ovat l\u00e4hiopetuksena j\u00e4rjestett\u00e4vi\u00e4 kursseja, jossa p\u00e4\u00e4set kehitt\u00e4m\u00e4\u00e4n itse\u00e4si kirjoittajana ja harjoittelemaan erilaisia tekstej\u00e4. Kirjoittaminen on usein melko yksin\u00e4ist\u00e4 tekemist\u00e4, joten kursseilla p\u00e4\u00e4set my\u00f6s tapaamaan muita kirjoittamisharrastuksesta innostuneita sek\u00e4 jakamaan ajatuksia ja ideoitasi muiden kurssilaisten kanssa.<\/p>\n\n\n\n<p>Sinulla ei tarvitse olla kokemusta kirjoittamisesta, jotta voit osallistua kursseillemme. Voit olla my\u00f6s puoliammattilainen ja kaipaat ohjausta, apua, neuvoja tai inspiraatiota omaan kirjoittamisprosessiisi. <\/p>\n\n\n\n<p>S\u00e4\u00e4nn\u00f6llisesti kokoontuva ryhm\u00e4 auttaa sinua pit\u00e4m\u00e4\u00e4n kirjoitusharrastustasi yll\u00e4 ja aikatauluttamaan omaa kirjoittamistasi. Kirjoittamisen kurssi auttaa my\u00f6s p\u00e4\u00e4sem\u00e4\u00e4n pakoon tyhj\u00e4n paperin syndroomaa ja her\u00e4ttelem\u00e4\u00e4n inspiraatiota.<\/p>\n<\/div>\n\n\n\n<div class=\"wp-block-column is-layout-flow\">\n<figure class=\"wp-block-image size-full\"><img decoding=\"async\" loading=\"lazy\" width=\"940\" height=\"788\" src=\"http:\/\/www.studiomuste.fi\/wp-content\/uploads\/2023\/07\/Kirjoittamisen-kurssi.png\" alt=\"\" class=\"wp-image-842\" srcset=\"https:\/\/www.studiomuste.fi\/wp-content\/uploads\/2023\/07\/Kirjoittamisen-kurssi.png 940w, https:\/\/www.studiomuste.fi\/wp-content\/uploads\/2023\/07\/Kirjoittamisen-kurssi-300x251.png 300w, https:\/\/www.studiomuste.fi\/wp-content\/uploads\/2023\/07\/Kirjoittamisen-kurssi-768x644.png 768w\" sizes=\"(max-width: 940px) 100vw, 940px\" \/><\/figure>\n<\/div>\n<\/div>\n","protected":false},"excerpt":{"rendered":"<p>Kirjoittamisen kurssit ovat l\u00e4hiopetuksena j\u00e4rjestett\u00e4vi\u00e4 kursseja, jossa p\u00e4\u00e4set kehitt\u00e4m\u00e4\u00e4n itse\u00e4si kirjoittajana ja harjoittelemaan erilaisia tekstej\u00e4. Kirjoittaminen on usein melko yksin\u00e4ist\u00e4 tekemist\u00e4, joten kursseilla p\u00e4\u00e4set my\u00f6s tapaamaan muita kirjoittamisharrastuksesta innostuneita sek\u00e4 jakamaan ajatuksia ja ideoitasi muiden kurssilaisten kanssa. Sinulla ei tarvitse olla kokemusta kirjoittamisesta, jotta voit osallistua kursseillemme. Voit olla my\u00f6s puoliammattilainen ja kaipaat ohjausta, apua,&hellip;&nbsp;<a href=\"https:\/\/www.studiomuste.fi\/?page_id=845\" class=\"\" rel=\"bookmark\">Lue lis\u00e4\u00e4 &raquo;<span class=\"screen-reader-text\">Kirjoittamisen kurssit<\/span><\/a><\/p>\n","protected":false},"author":1,"featured_media":0,"parent":0,"menu_order":0,"comment_status":"closed","ping_status":"closed","template":"","meta":{"neve_meta_sidebar":"","neve_meta_container":"","neve_meta_enable_content_width":"","neve_meta_content_width":0,"neve_meta_title_alignment":"","neve_meta_author_avatar":"","neve_post_elements_order":"","neve_meta_disable_header":"","neve_meta_disable_footer":"","neve_meta_disable_title":""},"_links":{"self":[{"href":"https:\/\/www.studiomuste.fi\/index.php?rest_route=\/wp\/v2\/pages\/845"}],"collection":[{"href":"https:\/\/www.studiomuste.fi\/index.php?rest_route=\/wp\/v2\/pages"}],"about":[{"href":"https:\/\/www.studiomuste.fi\/index.php?rest_route=\/wp\/v2\/types\/page"}],"author":[{"embeddable":true,"href":"https:\/\/www.studiomuste.fi\/index.php?rest_route=\/wp\/v2\/users\/1"}],"replies":[{"embeddable":true,"href":"https:\/\/www.studiomuste.fi\/index.php?rest_route=%2Fwp%2Fv2%2Fcomments&post=845"}],"version-history":[{"count":4,"href":"https:\/\/www.studiomuste.fi\/index.php?rest_route=\/wp\/v2\/pages\/845\/revisions"}],"predecessor-version":[{"id":850,"href":"https:\/\/www.studiomuste.fi\/index.php?rest_route=\/wp\/v2\/pages\/845\/revisions\/850"}],"wp:attachment":[{"href":"https:\/\/www.studiomuste.fi\/index.php?rest_route=%2Fwp%2Fv2%2Fmedia&parent=845"}],"curies":[{"name":"wp","href":"https:\/\/api.w.org\/{rel}","templated":true}]}}